 of v and q?
38
Let r be (-1 + 7/3)/(7/21). Suppose -2*n + 3*c = -4*n - 1, r*n + 4*c = 0. What is the highest common factor of n and 7?
1
Let o be (-8 - 1) + 1 + 15 + 749. Calculate the highest common divisor of 60 and o.
12
Let m = 73 - 51. Let i be 1*(2 - 5)*(5 + 0). Let y be (594/(-4))/(i/20). Calculate the highest common factor of m and y.
22
Suppose 5*c = -c + 360. Suppose -10 = -5*k + c. Suppose 5*o + k = 674. Calculate the greatest common divisor of 88 and o.
44
Let o be 6/(-12) - (106/(-4) - 2). Suppose -o*u = -16*u - 1716. What is the greatest common divisor of u and 26?
13
Let t be ((-4509)/(-334))/(6993/2328 - 3). Calculate the greatest common divisor of t and 1358.
194
Let m be (-6 + (-225)/(-10))/((-2)/4). Let u = 89 + m. Suppose -5*o + 20 = -2*r + 64, -3*r = -5*o - u. What is the greatest common factor of r and 3?
3
Let i be (5 - 5 - -1) + ((-188700)/10)/(-10). What is the highest common factor of i and 32?
32
Let o be (2/25*5)/((-1)/(-30)). Let y = 231 + -502. Let l = -151 - y. What is the greatest common factor of l and o?
12
Suppose 10*l - 4760 = -18*l. Let n = -24 - -34. Calculate the highest common factor of l and n.
10
Suppose -2*t = 2*i - 274, 54*t - 51*t - 435 = i. What is the greatest common factor of t and 4004?
143
Let h(u) = -16*u**2 - 2*u. Let z be h(4). Let n = z - -516. Calculate the greatest common factor of 14 and n.
14
Let p(s) = 3*s**2 + 23*s - 30. Let m be p(-11). What is the greatest common factor of m and 35?
5
Let x = -561 - -805. Suppose -20*o + 23*o = 2*y + 248, x = 3*o + 2*y. What is the highest common divisor of 328 and o?
82
Suppose 37*q - 26*q - 4466 = 0. Let f = 340 - 312. Calculate the highest common divisor of q and f.
14
Let h = 8 + -7. Let y be -45*(-10)/1 - 2*h. Suppose y = 4*g - 56. What is the greatest common divisor of 14 and g?
14
Let f = 27 - 24. Let o(g) = -6*g + 19. Let k be o(f). Let q = 16 - 7. Calculate the highest common divisor of k and q.
1
Let f be ((-4624)/(-4))/(((-14)/70)/(2/(-10))). What is the greatest common factor of 714 and f?
34
Let a be 26/7*(45 - 38). Suppose -47 = -3*f + l - 1, -3*l - a = -2*f. Calculate the greatest common divisor of f and 88.
8
Suppose 0 = t + 3*c - 2296 + 205, 4*c = 2*t - 4142. Suppose 9*s - 2*s - t = 0. Let y be (s/(-18))/(-1) + (-1)/2. What is the highest common factor of y and 4?
4
Suppose s = 4*s + 135. Let m be (s/25)/((3/105)/(-1)). Calculate the greatest common factor of m and 9.
9
Let l be ((-1)/((-3)/9))/1. Suppose l*w = -6*w + 405. Let r = w - 33. Calculate the greatest common divisor of r and 36.
12
Suppose 0 = -2*o - 5*j - 9, 36 - 8 = o - 4*j. Let i be (((-12)/o)/(-1))/(3/12). Let l = -173 - -176. Calculate the greatest common divisor of i and l.
3
Suppose -3*m + 5 = h, 4*h - 5*m = 11 + 9. Let v be (-1)/(2 - 175/44 - -2). Let k = 21 - v. What is the highest common factor of k and h?
5
Let f(d) = 374*d**2 + 42*d + 24. Let c be f(6). What is the greatest common factor of c and 180?
60
Suppose 5*s = t - 5, -5*s - t + 2 + 3 = 0. Suppose -2*v = 5*w + 2*v + 255, -v = s. Let k = w - -66. Calculate the greatest common divisor of k and 15.
15
Let h(l) = -6282*l - 6055. Let t be h(-6). What is the greatest common factor of 34 and t?
17
Let z = 47 + 177. Suppose -165*k + 159*k = -126. What is the greatest common divisor of k and z?
7
Suppose -4*l = -17 - 3, -2*l = 2*d - 14. Suppose -3*g - 6 = 5*n - d, 3*g + 8 = -n. What is the greatest common divisor of 1 and n?
1
Let r be 3 - 0 - (-4 - -1 - -5). Let n be r/(32/(-24))*-12. What is the greatest common factor of n and 9?
9
Let k(t) = 3*t**2 + 5*t + 17. Let n be ((-20)/(-6))/(34/(-153)). Let f be k(n). Suppose -f - 58 = -9*r. What is the highest common divisor of r and 15?
15
Let z(c) = -17*c + 20. Let p be z(3). Let w = p - -77. Let o be (-1156)/(-10) - (24/(-10) + 3). Calculate the greatest common factor of w and o.
23
Let o = 20 + -18. Suppose -o*y + 38 = 3*u - y, 26 = u - 3*y. Suppose -3*n + 0*n + 714 = 0. What is the highest common factor of u and n?
14
Let a be (-58880)/768*3/5*1*-1. Calculate the greatest common factor of a and 56.
2
Let a = 31 + -28. Suppose -2*q - 63 = -3*c + 8, -4*q = -a*c + 79. Suppose -319*o + 42 = -318*o. What is the greatest common divisor of c and o?
21
Let a(l) be the third derivative of l**5/30 + 5*l**4/24 + l**3/3 - 13*l**2. Let n be a(-3). What is the greatest common factor of n and 1?
1
Let u = -225 + 491. Calculate the greatest common factor of 56 and u.
14
Let s be (8*1)/(-1)*(-182)/(-52). Let v = s + 34. Calculate the highest common factor of 6 and v.
6
Let m(f) = f**2 + 69*f - 3706. Let r be m(37). What is the highest common divisor of 5292 and r?
108
Let p(t) = 4*t**3 - 2*t**2 - t + 2. Let l be p(2). Suppose -w + 5*w = l. Calculate the highest common factor of 4 and w.
2
Let a be 62/(-8)*(9 - 287 - -22). Suppose -2*t = -42 - 20. Calculate the highest common factor of t and a.
31
Suppose -7*p = -5*p + 8. Let a be (-1)/p + 537/12. Suppose -19*s = -7*s - 360. Calculate the greatest common factor of a and s.
15
Let j(q) = 2*q**3 + q + 2. Let p be j(2). Let g be p*(10/4 + 2). Suppose 5*o - 465 = -g. What is the highest common factor of 30 and o?
15
Let w = -4486 + 4860. Calculate the greatest common divisor of w and 22.
22
Let i(v) = -1732*v - 5057. Let b be i(-6). Calculate the highest common divisor of 291 and b.
97
Suppose -264*r - 2300613 = -336*r + 2022987. What is the greatest common divisor of r and 50?
50
Let j(s) = 31*s + 46. Let k be j(2). Calculate the greatest common divisor of 4266 and k.
54
Let r = 24890 + -24833. Calculate the highest common divisor of r and 4503.
57
Suppose 2*k - 6 = -k. Let m be (-1 + 1/3)*(-15)/k. Let t(s) = -s**3 + 4*s**2 + 9*s - 10. Let f be t(m). What is the greatest common divisor of f and 10?
10
Suppose -2*o - 3*o = -5, 0 = 2*z - o - 3. Let a be z*(-3 + (-3)/(-3)) - -13. What is the greatest common factor of 9 and a?
9
Suppose -2*q = 2*q - 20. Suppose 6 = q*w - 14. Suppose 4*t + 156 = w*k, -4*t + 63 = 2*k - t. What is the greatest common factor of 144 and k?
36
Suppose 4*b - 4*j = 272, 4*j = -4*b - 0*b + 264. Let h = -44 - -100. Let x = b - h. What is the highest common factor of x and 11?
11
Suppose 120*r + 2444 = 124*r. Let w = -581 + r. Calculate the highest common factor of w and 210.
30
Suppose -13*h + 161 = -221 - 242. Calculate the greatest common divisor of h and 5448.
24
Suppose -23*k = -737 - 643. Let q(v) = v**3 + 11*v**2 - 27*v + 4. Let s be q(-13). Let p = s - 2. Calculate the highest common factor of p and k.
15
Let p(d) = -24*d - 785. Let i be p(-33). Calculate the greatest common factor of 7315 and i.
7
Suppose i - 45 + 44 = 0. Let r be (-35)/(-2) + (-3)/6. Calculate the greatest common factor of i and r.
1
Suppose 12 = 3*n - 2*n + 3*b, 4*b + 22 = 5*n. Let y be 38/(-57) + (-29)/n*-2. Let d = 17 - y. Calculate the highest common factor of 64 and d.
8
Suppose -3324 = -129*l + 933. Calculate the highest common factor of l and 231.
33
Suppose 4*m - 2*m - 100 = -3*m. What is the greatest common factor of m and 6860?
20
Let b = 49 - -21. Let t = b + 191. Let y(m) = m**3 + 9*m**2 - 12*m + 9. Let p be y(-10). Calculate the highest common divisor of t and p.
29
Let z(b) = 78*b - 15*b**2 + 4 - 13*b**2 - 2*b**3 - 82*b. Let k be z(-14). What is the greatest common factor of 100 and k?
20
Suppose 0 = -9*l + 4*l + 195. Suppose -508 = -5*h - 5*n - 413, -2*n = -12. What is the highest common divisor of l and h?
13
Let i(o) = -7*o**3 + o**2 - o - 4. Let u be i(-2). Suppose 2*j - 6*j - 8 = 0, 5*j = 5*c - 1025. What is the greatest common factor of u and c?
29
Suppose 2644 + 800 = 203*t + 43*t. Calculate the greatest common divisor of 28434 and t.
14
Let u be (((-4)/(-6))/((-1)/12))/(-2). Suppose -u*v + 18 = -38. Suppose 0*i - 21 = -i. What is the greatest common divisor of i and v?
7
Let j(f) be the second derivative of 5*f**3/3 - 65*f**2/2 - 140*f. Let v be j(10). What is the highest common factor of 210 and v?
35
Let o = 6355 - 3726. Calculate the highest common divisor of o and 22.
11
Let n(b) = -669*b - 2071. Let k be n(-5). Calculate the highest common divisor of 273 and k.
91
Suppose 5*m - 13*m = -376. Let s(g) = -g**3 + 48*g**2 - 45*g - 72. Let w be s(m). Calculate the greatest common factor of 275 and w.
11
Suppose 